-7*o - z. Suppose 2*n + 2*w = 5*w + 21, 2*n = -4*w. Suppose 49 = n*j + j. What is the remainder when o is divided by j?
6
Suppose 5*q = 2*q + 255. Let a = 6523 - 6523. Suppose -q = -a*k - 5*k. What is the remainder when 25 is divided by k?
8
Suppose -l + 60 + 59 = 99. What is the remainder when (-8)/(-10)*845/2 is divided by l?
18
Let f(g) = -2*g**3 + 52*g**2 + 50*g + 162. Calculate the remainder when f(27) is divided by 23.
8
Suppose 4*q - 56 = -5*d + 76, 2*d = -q + 51. Calculate the remainder when d is divided by 9.
6
Suppose 0 = 5*u + 5*l - 7854 + 2484, -4*l = -2*u + 2160. Calculate the remainder when u is divided by 36.
32
Suppose -54*g + 52*g = -5*m - 25, -5*g = -4*m - 88. Suppose -3*s + 3*c = -246, 0 = 4*s + g*c - 21*c - 337. What is the remainder when s is divided by 23?
16
Let g(i) = 7*i + 9. Let y be g(7). Let f = y - 32. Let p(k) = -k**3 + 10*k**2 + 41*k - 402. What is the remainder when p(9) is divided by f?
22
Let i = 28 - 9. Suppose -5*r - 10 = -o, -5*r - 5*o = 21 + i. What is the remainder when 94 is divided by r/6*(1 + -65)?
30
Suppose 3*f - 12 = -2*m, 4*f + m - 7 = 2*f. Suppose -39 = 3*n - 30, f*j = -4*n + 68. What is the remainder when 155 is divided by j?
35
Let u be (510/(-40))/((-3)/((-24)/(-2))). Suppose -u*m = -625 + 115. Calculate the remainder when 699 is divided by m.
9
Let y = 13237 + -7500. Calculate the remainder when y is divided by 140.
137
Let l(g) = 0*g + 2 + 3*g + g**2 - g. Suppose p + 2*r - 50 = 0, -26*r + 242 = 4*p - 24*r. What is the remainder when p is divided by l(-5)?
13
Let b(h) = -2*h - h**3 - 2 - h - 3 - 6*h**2 + 2. Calculate the remainder when -3 + 6 + 0 + 55 is divided by b(-6).
13
Let c = -36116 + 36409. What is the remainder when 44240 is divided by c?
290
Suppose 2*q - 5*i - 82 = 0, q - 5*i - 33 = 18. Let r = -523 + 567. Suppose 2*k - 8 = -2*u, 5*u - 12 - r = 4*k. Calculate the remainder when q is divided by u.
7
Let y = -9 - -12. Let z = 22 - y. Let t = 12 + z. What is the remainder when t is divided by 16?
15
Let y(z) = -4*z + 122. Let p be y(25). Calculate the remainder when (p/10 + 1)/(7/350) is divided by 41.
37
Let h be ((-5)/(-2))/5*0. Suppose 4*w + h*w = 12. Suppose -a + w*t - 2 = 0, 16 = 5*a - 2*a + 2*t. Calculate the remainder when 15 is divided by a.
3
Let z be 28/6 - ((-24)/(-9) + -3). Suppose 0 = 5*r + 2*t - z*t - 366, r = 3*t + 78. Calculate the remainder when r is divided by ((-38)/(-4))/(15/30).
15
Let a = -9560 + 11191. What is the remainder when a is divided by 542?
5
Let u(q) = -62*q - 6. Let r be u(-1). Calculate the remainder when 83 is divided by -2 + 226/14 - 8/r.
13
Calculate the remainder when 183 is divided by (1 + -256)/(199 + -202).
13
What is the remainder when 3332 is divided by (-132)/16*(30/18 + -3)?
10
Suppose 21*d + 3 = 24*d. Let t be d/3*(-8)/((-48)/54). Calculate the remainder when 4 + 153 + (0 - t) is divided by 13.
11
Suppose 4*i - 431 = -u + 255, 0 = -5*i + u + 853. Calculate the remainder when 0 - i/(-6)*4 is divided by 33.
15
Let u = 65 + -35. Let i(w) = 11*w**2 + 9*w + 4. Let c be i(-5). Calculate the remainder when u is divided by 7/(105/6) + c/15.
14
Suppose 11 + 1 = 7*d - d. What is the remainder when 123 is divided by d?
1
Let h(o) = 13 - 98 - 19 - 19 - 81 + 17*o. Calculate the remainder when h(18) is divided by 10.
2
Let b(h) = -h**3 - 10*h**2 + 2*h - 6. Let f be b(-9). What is the remainder when 16/10 - 6867/f is divided by 52?
15
Suppose -h + 11 = 4*w, 9*h + 93 = 14*h + w. Suppose 0 = -0*t + 3*t. Suppose -6*z + 8*z - 184 = t. What is the remainder when z is divided by h?
16
Let b(o) = -5*o**3 - 5*o**2 - o + 1. Let c be b(-2). Suppose c*i = -13 + 197. Calculate the remainder when 39 is divided by i.
7
Let i be (-2)/(-3)*21/(-28)*0. Suppose 12*m - 9*m - 180 = i. What is the remainder when 236 is divided by m?
56
Suppose 14*n = -151 + 5093. Calculate the remainder when n is divided by 24.
17
Let h = 67 + -49. Let n be (-1012)/h + 10/45 - 3. Let d = n + 80. Calculate the remainder when 125 is divided by d.
20
Let f = -32 - -57. Suppose 4*z - 5*z + 4*p - 64 = 0, -5*p - f = 0. Let k = z - -97. Calculate the remainder when 34 is divided by k.
8
Let y = -418 + 421. Suppose -y*w - b - 2*b + 24 = 0, 5*w - 4*b - 49 = 0. Calculate the remainder when 29 is divided by w.
2
Suppose 5*b + 3 - 38 = 0. Let x be 554/16 - (-540)/1440. What is the remainder when 6 is divided by 115/x + (-2)/b?
0
Suppose 61*q - 20 = 66*q, 5*k - 228 = 2*q. What is the remainder when 8535 is divided by k?
43
Let w be (2 - 789/15) + (-6)/15. Let u = w + 231. Let p = u - 131. What is the remainder when p is divided by 13?
10
Let b(g) = g**3 + 8*g**2 - 139*g - 38. Calculate the remainder when 335 is divided by b(9).
71
Let c = 1799 - 1633. Calculate the remainder when c is divided by 6.
4
Suppose 0 = l + 2*i + 162, -2*l - 141 - 178 = 5*i. Let h = 11 - l. Calculate the remainder when h is divided by 48.
39
Let j = 119 - 60. Let r = -5255 + 5319. Suppose j*m = 61*m - r. What is the remainder when 158 is divided by m?
30
Suppose 2*o - 7*s - 7 = -2*s, -4*o + 5 = -s. What is the remainder when 129 is divided by (312/120)/(o - 4/5)?
12
What is the remainder when 115 is divided by (-96)/(-16) - (2 - (12/(-6) + 7))?
7
Let n(b) = 4*b + 69 + 7*b - 34*b + 15*b. Calculate the remainder when 49 is divided by n(5).
20
Let o be 2/8 - 195/12. Let s(c) be the second derivative of c**3/6 + 21*c**2/2 - 62*c. Calculate the remainder when 34 is divided by s(o).
4
Suppose 5*l - 2*h - 3713 - 308 = 0, 4*h = 8. What is the remainder when l is divided by 74?
65
Suppose 364*v - 352*v - 4920 = 0. Calculate the remainder when v is divided by 69.
65
Let n(k) = 5 + 2*k**3 + 24 + 2*k + 40 + 2*k**2. Calculate the remainder when n(0) is divided by 22.
3
Suppose 25 = 2*t - 5*u - 46, 4*t - 112 = 4*u. Suppose 14*h - 64 - 488 - 582 = 0. What is the remainder when h is divided by t?
12
Let o = 1204 - 731. Suppose -8*f + 108 - 25 = 3*u, 63 = 3*u + 3*f. What is the remainder when o is divided by u?
14
Suppose -1354 = -10*a - 2*q, a - 73 = -3*q + 68. What is the remainder when a is divided by 23?
20
Let o(h) = 10*h**2 - 8*h - 2. What is the remainder when o(8) is divided by 121?
90
Suppose -17*j + 24*j + 167 = 4*a, -4*a + 127 = j. Calculate the remainder when 7457 is divided by a.
32
Suppose 0 = -176*z - 53*z + 4809. Calculate the remainder when 1426 is divided by z.
19
Suppose 3*x - 2*x + q = 7, -3*x + 5*q + 5 = 0. Calculate the remainder when 11*4 + (x + 0)/(-1) is divided by 21.
18
Suppose 0 = -44*x + 46*x + 8, 2*x - 157 = -5*w. Suppose 1638 = w*f - 19*f. Calculate the remainder when f is divided by 11/(-4)*1*-4.
7
Suppose -5*i + 3*y = -227, 7 + 127 = 3*i - 4*y. Let r = -52 + i. What is the remainder when 151 is divided by (-88)/r*3/2?
19
Let g(f) = -11*f**3 - 105*f**2 - 11*f + 30. Calculate the remainder when g(-11) is divided by 110.
107
Suppose 0 = 2*l + 4*b - 66, 5*l + 4*b + 42 = 171. Suppose 4*h + 8 = 5*h. What is the remainder when l is divided by h?
5
Let d be (5 - 5) + 40 - 4/(-2). Calculate the remainder when 156 is divided by d/(-189) - 492/(-27).
12
Suppose -3*i = 5*t + 4, -3*i + 0*t + 10 = -2*t. Suppose p + 103 = 2*x, i*x = 7*p - 3*p + 94. What is the remainder when x is divided by 23?
7
Suppose 0 = -5*l + 19 + 81. Suppose -p + 9 = -2*m, 5741 = -p + 4*m + 5742. What is the remainder when l is divided by p?
3
Let d = 5 - -2. Suppose -212 = -5*n + a, n - 674 + 614 = -2*a. What is the remainder when n is divided by d?
2
Let b = -9439 - -9549. What is the remainder when b is divided by 102?
8
Let i(h) = -10*h**3 + 9*h**2 - 2. Let l be i(3). Let t = -99 - l. Suppose -3*o = -2*r - t, -o + 28 = -r - r. Calculate the remainder when o is divided by 9.
5
Suppose -c + 4*v + 204 = 0, 2*v + 233 + 339 = 3*c. Let h = -16 + 35. What is the remainder when c is divided by h?
17
Suppose h - 6*h = -4*t + 280, 317 = 5*t + 2*h. What is the remainder when 674 is divided by t?
24
Let a = 100 + -55. Let p = a - 27. Suppose -35 = -5*i - 3*d, 3*d - p + 3 = 0. What is the remainder when i is divided by 4?
0
Let g = 402 - 264. Let d = g - 127. What is the remainder when d is divided by 3?
2
Let k be 26/(-52) - (-5)/2. Suppose -d + 28 = k. Let a(g) = g**3 - 6*g**2 + 10*g - 7. Calculate the remainder when d is divided by a(5).
8
What is the rem